2233
What is -19761a6 (base 12) in base 7?
-63511545
What is 985720 (base 14) in base 16?
4ec770
Convert -12331042102 (base 5) to base 16.
-e65acf
What is -297a6 (base 12) in base 4?
-32030232
Convert -102200111 (base 3) to base 16.
-2146
What is -6937740 (base 11) in base 6?
-1112015032
1215042 (base 6) to base 10
64610
What is -99087 (base 13) in base 8?
-1034705
What is 425998 (base 12) in base 6?
34234312
What is -3806666 (base 9) in base 14?
-3bcd7d
Convert -10592 (base 15) to base 2.
-1100101010101111
1110001111010101111 (base 2) to base 3
212201001202
-e7803 (base 15) to base 16
-b33e2
-32505550 (base 6) to base 7
-11162403
2c0e95 (base 15) to base 10
2129540
-c05bc (base 14) to base 7
-3633225
Convert 43cc2 (base 15) to base 8.
644723
-aa12a (base 12) to base 10
-224818
4342221 (base 6) to base 12
a4971
What is -1001100110011110111 (base 2) in base 11?
-1a5414
Convert 321680 (base 9) to base 16.
2ec44
Convert 650070 (base 13) to base 2.
1001000010110001011110
What is 27b13c (base 14) in base 9?
2525121
Convert -123120120 (base 5) to base 3.
-1010101112002
What is -72941a (base 13) in base 5?
-1141123040
What is -1010101111010111011110 (base 2) in base 4?
-22233113132
7009 (base 12) to base 14
45a9
-1454420 (base 6) to base 10
-85260
What is -300032002 (base 4) in base 2?
-110000001110000010
What is 90080 (base 14) in base 5?
42031411
-607a82 (base 11) to base 8
-3564033
-1116105 (base 7) to base 4
-201323121
Convert -b913 (base 14) to base 7.
-162123
What is -440102312 (base 6) in base 5?
-4002042112
-7482873 (base 9) to base 10
-4010943
Convert 500965 (base 10) to base 7.
4154353
49456 (base 12) to base 14
281b4
What is 20913 (base 12) in base 3?
2011200120
Convert 67470 (base 11) to base 14.
27884
-330003031 (base 4) to base 9
-414354
What is 1003410330 (base 5) in base 8?
7534037
Convert -203085 (base 9) to base 6.
-2325122
Convert 313212 (base 6) to base 15.
77a2
What is -c01cc (base 16) in base 9?
-1428364
Convert -4340013243 (base 5) to base 2.
-100011011110000000011100
b5087 (base 12) to base 3
110000212211
Convert -35300 (base 12) to base 4.
-101121300
Convert -d76b (base 15) to base 10.
-45551
Convert -1400340314 (base 5) to base 4.
-31131032200
Convert -222026 (base 8) to base 3.
-10210120102
What is 220110112320 (base 4) in base 12?
36584a0
-66346553 (base 7) to base 4
-111301323032
256106 (base 7) to base 9
72425
What is -131332111 (base 4) in base 12?
-5b071
330511515 (base 6) to base 11
3383237
What is 31250315 (base 6) in base 4?
3131311013
Convert -1c059c (base 15) to base 4.
-11032001103
Convert -153630 (base 13) to base 15.
-a48cc
What is 4225111 (base 6) in base 2?
110010010001000011
Convert -4026087 (base 9) to base 16.
-20b46b
What is -41799 (base 13) in base 5?
-12232000
-1001100010111011 (base 2) to base 3
-1222122010
What is -14d54 (base 16) in base 15?
-1a43c
Convert 2134350 (base 7) to base 5.
31321422
What is 302e0 (base 16) in base 2?
110000001011100000
211a97 (base 12) to base 11
326a48
10112314214 (base 5) to base 13
218a4a9
What is 81bac (base 16) in base 13?
157b2a
1078cbc (base 15) to base 6
1100213153
What is -364415 (base 9) in base 13?
-79052
551512 (base 6) to base 7
250265
496247 (base 12) to base 15
1885ad
What is -120000111102 (base 3) in base 10?
-295607
-1120313103 (base 4) to base 8
-1306723
Convert 1b48b (base 12) to base 4.
21313223
What is 2221022111022 (base 3) in base 4?
11331020330
Convert 3755bc (base 13) to base 10.
1325791
-213331231 (base 4) to base 9
-268481
What is -66b3 (base 12) in base 3?
-120121000
What is -511321 (base 11) in base 2?
-11001000100101101101
Convert 1c2679 (base 13) to base 5.
141011113
What is 301222113 (base 4) in base 7?
1505022
Convert 624541 (base 7) to base 4.
122030122
Convert -10451040 (base 9) to base 10.
-5052735
What is -11a247 (base 14) in base 16?
-937e7
What is -36465363 (base 8) in base 12?
-282a983
-4093a (base 14) to base 9
-256245
What is 103102141 (base 6) in base 13?
4bcc91
1201046 (base 9) to base 13
199ccb
Convert -2546 (base 9) to base 7.
-5361
Convert -179215 (base 10) to base 11.
-112713
-2100152 (base 6) to base 9
-163675
141385 (base 11) to base 16
360da
What is 110222201011 (base 3) in base 9?
428634
Convert -2332344 (base 5) to base 4.
-22131201
3687164 (base 9) to base 16
1e9d4b
13873 (base 14) to base 2
1011110010111101
What is 4507543 (base 10) in base 9?
8430161
What is -2221503 (base 7) in base 5?
-32234210
What is 30883 (base 12) in base 14?
191ab
Convert -77ab2 (base 12) to base 8.
-466146
Convert -555213242 (base 6) to base 12.
-3447222
4825734 (base 10) to base 16
49a286
-2432136 (base 7) to base 5
-34413431
What is -413a1 (base 15) in base 11?
-131330
What is -1000010111011011 (base 2) in base 11?
-23822
-55401155 (base 7) to base 5
-2210223440
What is -451066 (base 8) in base 10?
-152118
Convert 2160735 (base 8) to base 16.
8e1dd
What is 42626601 (base 7) in base 13?
9a4862
What is 11c1c6 (base 13) in base 7?
3424404
What is -67a9a (base 11) in base 10?
-98482
What is -22222242 (base 6) in base 3?
-1021010121122
Convert 495165 (base 13) to base 11.
a98443
Convert 512132 (base 9) to base 11.
197a25
Convert -2836374 (base 9) to base 15.
-20c1b1
-12404500 (base 6) to base 15
-801b6
-10019 (base 12) to base 8
-50425
Convert 202001110230 (base 4) to base 3.
121210002122000
435201004 (base 6) to base 8
35620534
What is -10001001011111110010 (base 2) in base 3?
-1001121112202
Convert -4472909 (base 10) to base 8.
-21040115
110133232 (base 4) to base 14
22846
What is -163115a (base 11) in base 15?
-39ea3c
Convert -110221210000121 (base 3) to base 7.
-112342663
What is -1735367 (base 9) in base 8?
-3543340
What is -100110012220 (base 3) in base 4?
-231123012
Convert 132113231312 (base 4) to base 12.
27bb3b2
What is 43104022 (base 5) in base 11?
228811
What is 60467 (base 12) in base 9?
210507
Convert 32132221030 (base 4) to base 6.
213203524
What is -10101011111101101010 (base 2) in base 12?
-29b74a
Convert 1100000110010111111 (base 2) to base 4.
1200302333
23303303321 (base 4) to base 11
1824a15
-4735a (base 12) to base 4
-113110312
Convert -10011000011110010111 (base 2) to base 5.
-124441120
What is -1204554 (base 6) in base 12?
-3075a
Convert -10220112000 (base 3) to base 10.
-76923
Convert -13073503 (base 8) to base 13.
-7b0539
Convert 1045385 (base 13) to base 5.
2231441104
-1232431322 (base 5) to base 14
-586879
What is 291ccb (base 14) in base 16?
15c4eb
-46872 (base 14) to base 7
-1313602
Convert -179458 (base 10) to base 5.
-21220313
Convert -2004234114 (base 5) to base 9.
-7431873
Convert -36e0e (base 15) to base 13.
-61a2a
Convert -122001112210201 (base 3) to base 13.
-1b550b7
Convert -613a43 (base 11) to base 14.
-1b9589
Convert 63404 (base 12) to base 15.
2888a
What is -278920 (base 14) in base 3?
-2120111221221
Convert 24464405 (base 7) to base 14.
414105
-211378 (base 12) to base 11
-3261a0
What is ed63 (base 16) in base 10?
60771
1001011100011001 (base 2) to base 14
1014d
What is 2120122020012 (base 3) in base 11?
8568aa
-16501 (base 12) to base 5
-2004300
What is -1495b29 (base 13) in base 9?
-13341612
-100441321 (base 5) to base 4
-1203011030
-130121151 (base 6) to base 8
-11515433
Convert -10011100001101000011 (base 2) to base 10.
-639811
What is -2010334 (base 6) in base 12?
-469aa
What is -2332211 (base 9) in base 2?
-100110011111100011110
What is 26699 (base 15) in base 8?
360162
What is -3311211203 (base 4) in base 12?
-40616b
1679526 (base 11) to base 15
3b54cb
What is 23102122 (base 4) in base 10?
46234
-23980 (base 13) to base 10
-65338
What is 4aab (base 16) in base 15?
59e5
3c90 (base 14) to base 4
2213112
Convert 7c505 (base 15) to base 4.
1200223211
77786 (base 14) to base 15
5ac25
Convert a098 (base 12) to base 15.
524b
Convert 433d7 (base 16) to base 6.
5523023
What is -1206875 (base 9) in base 4?
-2133310211
-33c46 (base 14) to base 8
-365706
What is -1746375 (base 11) in base 3?
-12120200110122
What is -8ed9f (base 16) in base 12?
-24273b
Convert -332680 (base 9) to base 2.
-110000100010111110
Convert -344130 (base 5) to base 8.
-30177
-1120201212212 (base 3) to base 16
-cd5dd
413231 (base 9) to base 7
2040451
162268 (base 11) to base 6
5222031
Convert -3c3627 (base 13) to base 7.
-15305643
-11